 b = -10 + 13. Suppose -b*n + 6 = 0, 2*n - 12 = -y - 2*n. What is the greatest common divisor of j and y?
4
Let q be (-1)/8 - 481/(-8). Suppose 139 = 5*b - 151. Suppose 5*u = -5*d + 80, 4*d + 4*u - b = 6*u. What is the highest common factor of q and d?
15
Let y be (1*4)/(2/22). Suppose 0 = 5*q, -s + 2*q - 10 = s. Let j(i) = i**2 + 5*i + 4. Let d be j(s). Calculate the greatest common factor of d and y.
4
Let i be (-1)/(-2) + (-13)/2. Let v be (-808)/(-9) + i/(-27). Suppose 2*j + 3*j - 5*s = 45, 3*j + s = 31. Calculate the greatest common factor of j and v.
10
Suppose 5*s = 2 + 23. Let u be 101 - ((-1)/(-1) - 0). Suppose 0 = -z - 3*z + u. What is the highest common factor of s and z?
5
Suppose -g + 6*g + r = 228, -3*r = 2*g - 86. Let q be g - (2 - (-1 + 1)). Calculate the highest common factor of 4 and q.
4
Let z be 0/(-1) + 2/(6/225). What is the highest common divisor of 15 and z?
15
Let h be (-10)/15 + (-338)/(-3). Let r(p) = -p - 6. Let f be r(0). Let x = f + 20. Calculate the greatest common factor of x and h.
14
Suppose -2*w - 3*w - 3*y = -232, -4*y + 148 = 3*w. Calculate the greatest common factor of w and 11.
11
Let p = -168 - -263. What is the greatest common factor of p and 19?
19
Suppose 3*g + r - 7 - 1 = 0, -4 = -g - r. Calculate the highest common divisor of 34 and g.
2
Let a(w) = -w**3 - 3*w**2 - w. Let x be a(-3). Suppose 4*m + x - 51 = 0. Suppose -2*n = n, 48 = 4*z + 4*n. Calculate the greatest common divisor of m and z.
12
Suppose -4*h - 4*r = -616, 2*h - r - r - 300 = 0. Let a(x) = -x**3 + 8*x**2 + x + 11. Let u be a(8). What is the highest common divisor of h and u?
19
Let k(x) = -2*x - x**2 - 4 + 0 + 8*x. Let q be k(3). Calculate the highest common factor of 1 and q.
1
Let t = 400 - 256. What is the greatest common divisor of t and 16?
16
Let s = -5 - -14. Suppose n + 3 = s. Calculate the highest common divisor of n and 6.
6
Let i = -3 - -5. Let x be 1*((-147)/9)/(-7)*3. Let p = x + i. Calculate the greatest common factor of p and 3.
3
Let h = -33 - -66. Calculate the greatest common factor of h and 264.
33
Let b(n) = 4*n**2 + 4*n - 4. Let h be b(-4). Let k(g) = g**3 - 10*g**2 + 23*g - 10. Let s be k(7). What is the highest common divisor of h and s?
4
Let q(b) = -2*b - 10. Let p be q(-11). Calculate the greatest common divisor of 3 and p.
3
Suppose -13*g + 10*g - 66 = 0. Let s = g - -28. What is the highest common factor of 3 and s?
3
Suppose 0*w = -3*w + 5*o - 52, 2*w + 44 = o. Let k = -130 + 54. Let q = w - k. Calculate the greatest common divisor of q and 13.
13
Suppose -2*g + 164 = 4*x, 3 + 1 = 4*x. What is the highest common divisor of g and 16?
16
Let o = 13 + 2. Let a(u) = u**3 + 9*u**2 - 9*u + 4. Let z be a(-7). Calculate the highest common divisor of z and o.
15
Suppose 3*p + 89 = 5*o - 0*p, -79 = -4*o + 5*p. What is the highest common divisor of 32 and o?
16
Let f(c) = -2*c**2 - 2*c + 2. Let p be f(-3). Let n be (-1264)/(-20) + 2/p. Suppose -s = s - 18. What is the greatest common factor of s and n?
9
Suppose c - 2*c + 50 = 0. Let k = -35 + c. Calculate the highest common divisor of 135 and k.
15
Let x = 41 - 24. Suppose x + 20 = a + 2*c, -5*a = -2*c - 125. Let v be 47/9 - 6/a. What is the highest common divisor of 5 and v?
5
Let x = -10 - -28. Let k be 3*1 + -5 + 186. Suppose -2*s - k = -4*r, 5*s - 126 = -4*r + 44. Calculate the highest common divisor of r and x.
9
Suppose -174 = -x + 2*x. Let t be x/(-8) + 2/8. Calculate the highest common divisor of t and 33.
11
Let j be 2/8 - 15/(-4). Let q be ((-4)/2)/(6/(-12)). Suppose 8 + q = j*c. Calculate the greatest common divisor of c and 30.
3
Let t = -2 - -6. Suppose -t*f = -3*x + 2*x + 6, 0 = 5*x + 5*f - 80. Calculate the greatest common divisor of x and 35.
7
Let z(d) = -d**3 - 7*d**2 + 9. Let c be z(-7). Let g be ((-4)/12)/((-1)/c). What is the greatest common factor of g and 6?
3
Let w = -1 - -25. Let u = 7 + -4. What is the greatest common divisor of u and w?
3
Suppose -2*i + 0 = -4. Suppose 3*g - i*g - 60 = 0. What is the highest common factor of g and 6?
6
Let m = 7 + -4. Suppose 0 = -5*l - 4*n + 85, -2*n = -7 - m. Calculate the greatest common factor of l and 117.
13
Let s be 2 - 1/((-1)/2). Suppose -s*w + 4*i + 112 = 0, 0*w - 2*w + 56 = i. Calculate the highest common factor of w and 4.
4
Let g = 264 + -159. Suppose 3*m + i = -0*i + 122, m + 2*i - 34 = 0. Calculate the greatest common factor of g and m.
21
Suppose -2*m + 5 = -l + m, 5*l + 5 = 5*m. Let x be -4*2 + (-36)/(-4). Calculate the highest common factor of l and x.
1
Let g = -38 - -118. Suppose -2*p + g = 3*p. What is the highest common divisor of p and 8?
8
Let z(t) be the third derivative of t**6/60 + t**5/30 - t**4/6 + t**3/3 + 6*t**2. Let f be z(2). What is the greatest common factor of 45 and f?
9
Let m be (-5)/2*(-4)/10. Suppose l = -4*d + 48, 2*l = d - 2*d + 19. Calculate the highest common divisor of m and d.
1
Let u(h) = -h**3 + 5*h**2 - h + 7. Let a be u(5). Suppose 0 = a*d + 3*d - 15, 5*d - 27 = -2*b. What is the greatest common factor of 3 and b?
3
Suppose -265 = -5*y - 5*j, -2*y - 5*j - 257 = -6*y. What is the greatest common divisor of 348 and y?
58
Let v(s) = -5*s + 55. Let z be v(13). Suppose -2*a - 8*k + 48 = -3*k, 0 = 4*k - 8. Let x = a + z. What is the highest common factor of x and 27?
9
Suppose 0 = p + 2*r - 58, -4*p - 3*r = -231 + 24. Calculate the greatest common divisor of p and 32.
16
Let c = -7 - -9. Suppose 2*p + 4*r + c = 0, -5*r + 5 = -2*p + 21. What is the greatest common factor of p and 9?
3
Let j be (2/2*44)/1. Let b = 77 - j. Calculate the highest common factor of b and 3.
3
Suppose -2*j + 4*o = -0*j - 134, 3*j = 4*o + 191. Suppose -88 = -2*v + 3*s, -2 - 2 = s. Calculate the greatest common factor of v and j.
19
Let l(k) = 1 - 35*k**3 - k**2 + 1 - 1. Let f(i) = i + 5. Let b be f(-6). Let j be l(b). Calculate the greatest common divisor of 7 and j.
7
Suppose -3*q + 3 = 0, 5*c + 3*q + 24 = 77. Let t be 698/10 + 2/c. What is the highest common factor of 28 and t?
14
Let u = -13 - -15. What is the greatest common factor of 1 and u?
1
Let d = -2 + 5. Suppose 0 = -2*m + d*m. Suppose 66 = 2*w - g - 56, m = 4*w - 5*g - 250. What is the highest common factor of w and 12?
12
Suppose -7*n - 24 = -11*n. Calculate the highest common divisor of 24 and n.
6
Let i = 7 - 4. Suppose 0 = -3*f + 7*f - 172. Let b = f - 28. Calculate the greatest common divisor of b and i.
3
Let y be 8/(-3)*3/(-2). Calculate the highest common divisor of y and 1.
1
Let g(v) = v**3 - 17*v**2 - 35*v - 47. Let f be g(19). What is the highest common factor of f and 50?
10
Suppose 3*u - 15 = 525. Let m = u + -105. What is the greatest common divisor of 15 and m?
15
Suppose 14*v - 3*v - 99 = 0. Calculate the greatest common factor of v and 72.
9
Let t(x) = 2*x + 4. Let c be t(-3). Let q(h) = -6*h + 1. Let p be q(c). Calculate the highest common divisor of 13 and p.
13
Suppose -4*r + 0*t = 5*t - 43, 0 = -4*r + 5*t + 13. Let h = 245 - -265. Let c be h/24 - 2/8. What is the greatest common factor of c and r?
7
Let l = 9 - 13. Let s be (4 - 4)/(l/(-2)). Suppose f + 56 = 5*i, i + 3*f - 24 = -s*i. What is the greatest common divisor of i and 132?
12
Suppose 2*x + v - 4 - 18 = 0, 2*v = 2*x - 10. Let d be 2/(-3) - 58/(-6). What is the highest common factor of d and x?
9
Suppose 0 = 3*x + y - 266, -94 = -x - 0*y - 3*y. Suppose p = 2*p - 11. What is the highest common factor of x and p?
11
Let r(m) = -4*m**2 - m - 2. Let f be r(2). Let x be f*1/(4/(-3)). Suppose -8*i + 3*i = -675. What is the greatest common divisor of i and x?
15
Let u = 8 + -3. Suppose -105 - 175 = -u*i. What is the highest common divisor of i and 7?
7
Let p be 4*(-103)/(-4) - -2. What is the highest common divisor of 42 and p?
21
Suppose 2*y - 3*g = 17, -2*y = 3*y + 4*g - 8. Suppose -3*u + 4*t - 6 = 0, -4*u + t = 4*t - 17. Calculate the greatest common divisor of y and u.
2
Let p be (-1)/((-18)/(-10) - 2). What is the highest common divisor of p and 55?
5
Let m be 2/8 - 14/(-8). Let d = 5 - m. Suppose -d*x + 3*j + 126 = 0, 0*x + 76 = 2*x + 2*j. Calculate the highest common factor of 5 and x.
5
Suppose -5*f = 3*z + 43, 4*z + 6*f + 44 = 2*f. Let h be (-2)/z - (-300)/18. What is the greatest common factor of h and 136?
17
Let l be 2/4*(-92)/(-1). Let 